{"id":6817,"date":"2026-08-21T12:01:00","date_gmt":"2026-08-21T10:01:00","guid":{"rendered":"https:\/\/adretmorvan.org\/?post_type=tribe_events&#038;p=6817"},"modified":"2026-08-30T12:12:52","modified_gmt":"2026-08-30T10:12:52","slug":"action-participez-a-la-consultation-publique-sur-le-plan-de-renouvellement-forestier","status":"publish","type":"tribe_events","link":"https:\/\/adretmorvan.org\/index.php\/agenda\/action-participez-a-la-consultation-publique-sur-le-plan-de-renouvellement-forestier\/","title":{"rendered":"Action : participez \u00e0 la consultation publique sur le plan de renouvellement forestier"},"content":{"rendered":"\r\n<p><strong>Comme bien souvent, le gouvernement profite des p\u00e9riodes estivales pour passer en douce ses d\u00e9crets les plus controvers\u00e9s. Ceux concernant la for\u00eat et la sylviculture ne font pas exception. C&#8217;est pourquoi Adret Morvan veille \u00e0 ne rien laisser passer. R\u00e9pondons donc massivement \u00e0 cette consultation, c&#8217;est urgent.<\/strong><\/p>\r\n<p><strong>Participation possible jusqu&#8217;au 31 ao\u00fbt \u00e0 <a href=\"https:\/\/www.consultations-publiques.developpement-durable.gouv.fr\/consultation-publique-sur-un-projet-de-decret-a3409.html\">la consultation publique <\/a>sur le d\u00e9cret de mise en oeuvre du plan de renouvellement forestier.<\/strong> Voici nos principaux arguments :<\/p>\r\n\r\n\r\n\r\n<p><strong>Le plan de renouvellement n\u2019a fait l\u2019objet d\u2019aucune \u00e9valuation environnementale <\/strong>alors qu\u2019il pr\u00e9sente des risques manifestes d\u2019incidences environnementales.<\/p>\r\n\r\n\r\n\r\n<p><strong>L\u2019engagement pris par le gouvernement de limiter les coupes rases aux seules for\u00eats sinistr\u00e9es et de privil\u00e9gier l\u2019am\u00e9lioration des peuplements existants n\u2019a pas \u00e9t\u00e9 tenu<\/strong>. Le seuils permettant de caract\u00e9riser une for\u00eat de \u00ab\u00a0sinistr\u00e9e\u00a0\u00bb (volet 1) ou de \u00ab\u00a0vuln\u00e9rable\u00a0\u00bb (volet 2) sont trop bas pour justifier une coupe rase. La possibilit\u00e9 de transformer des peuplements \u00ab\u00a0pauvres\u00a0\u00bb par coupe rase puis plantation (volet 3, op\u00e9ration 1) doit \u00eatre interdite.<\/p>\r\n\r\n\r\n\r\n<p>Une op\u00e9ration d\u00e9di\u00e9e pour <strong>accompagner des propri\u00e9taires souhaitant s\u2019engager dans la sylviculture douce<\/strong>, respectueuse de l&#8217;ambiance foresti\u00e8re et de la biodiversit\u00e9 doit \u00eatre cr\u00e9\u00e9e.<\/p>\r\n\r\n\r\n\r\n<p><strong>Le maintien des \u00e9l\u00e9ments d\u2019int\u00e9r\u00eat \u00e9cologique doit \u00eatre une condition obligatoire<\/strong> pour chaque projet financ\u00e9, et non facultative comme c\u2019est le cas actuellement.<\/p>\r\n\r\n\r\n\r\n<p><strong>Les crit\u00e8res de diversification doivent \u00eatre <\/strong>renforc\u00e9s: ils doivent s\u2019appliquer syst\u00e9matiquement et viser une compl\u00e9mentarit\u00e9 des essences (m\u00e9lange feuillus \/ r\u00e9sineux, par exemple). Les m\u00e9langes purs de r\u00e9sineux doivent \u00eatre interdits.<\/p>\r\n","protected":false},"excerpt":{"rendered":"<p>Comme bien souvent, le gouvernement profite des p\u00e9riodes estivales pour passer en douce ses d\u00e9crets les plus controvers\u00e9s. Ceux concernant la for\u00eat et la sylviculture ne font pas exception. C&#8217;est&#8230;<\/p>\n","protected":false},"author":10,"featured_media":6056,"comment_status":"closed","ping_status":"closed","template":"","meta":{"_tribe_events_status":"","_tribe_events_status_reason":"","footnotes":""},"tags":[],"tribe_events_cat":[224],"class_list":["post-6817","tribe_events","type-tribe_events","status-publish","has-post-thumbnail","hentry","tribe_events_cat-action","cat_action"],"_links":{"self":[{"href":"https:\/\/adretmorvan.org\/index.php\/wp-json\/wp\/v2\/tribe_events\/6817","targetHints":{"allow":["GET"]}}],"collection":[{"href":"https:\/\/adretmorvan.org\/index.php\/wp-json\/wp\/v2\/tribe_events"}],"about":[{"href":"https:\/\/adretmorvan.org\/index.php\/wp-json\/wp\/v2\/types\/tribe_events"}],"author":[{"embeddable":true,"href":"https:\/\/adretmorvan.org\/index.php\/wp-json\/wp\/v2\/users\/10"}],"replies":[{"embeddable":true,"href":"https:\/\/adretmorvan.org\/index.php\/wp-json\/wp\/v2\/comments?post=6817"}],"version-history":[{"count":5,"href":"https:\/\/adretmorvan.org\/index.php\/wp-json\/wp\/v2\/tribe_events\/6817\/revisions"}],"predecessor-version":[{"id":6822,"href":"https:\/\/adretmorvan.org\/index.php\/wp-json\/wp\/v2\/tribe_events\/6817\/revisions\/6822"}],"wp:featuredmedia":[{"embeddable":true,"href":"https:\/\/adretmorvan.org\/index.php\/wp-json\/wp\/v2\/media\/6056"}],"wp:attachment":[{"href":"https:\/\/adretmorvan.org\/index.php\/wp-json\/wp\/v2\/media?parent=6817"}],"wp:term":[{"taxonomy":"post_tag","embeddable":true,"href":"https:\/\/adretmorvan.org\/index.php\/wp-json\/wp\/v2\/tags?post=6817"},{"taxonomy":"tribe_events_cat","embeddable":true,"href":"https:\/\/adretmorvan.org\/index.php\/wp-json\/wp\/v2\/tribe_events_cat?post=6817"}],"curies":[{"name":"wp","href":"https:\/\/api.w.org\/{rel}","templated":true}]}}

Action : participez à la consultation publique sur le plan de renouvellement forestier

<p><strong>Comme bien souvent, le gouvernement profite des périodes estivales pour passer en douce ses décrets les plus controversés. Ceux concernant la forêt et la sylviculture ne font pas exception. C&#8217;est pourquoi Adret Morvan veille à ne rien laisser passer. Répondons donc massivement à cette consultation, c&#8217;est urgent.</strong></p>
<p><strong>Participation possible jusqu&#8217;au 31 août à <a href="https://www.consultations-publiques.developpement-durable.gouv.fr/consultation-publique-sur-un-projet-de-decret-a3409.html">la consultation publique </a>sur le décret de mise en oeuvre du plan de renouvellement forestier.</strong> Voici nos principaux arguments :</p>



<p><strong>Le plan de renouvellement n’a fait l’objet d’aucune évaluation environnementale </strong>alors qu’il présente des risques manifestes d’incidences environnementales.</p>



<p><strong>L’engagement pris par le gouvernement de limiter les coupes rases aux seules forêts sinistrées et de privilégier l’amélioration des peuplements existants n’a pas été tenu</strong>. Le seuils permettant de caractériser une forêt de « sinistrée » (volet 1) ou de « vulnérable » (volet 2) sont trop bas pour justifier une coupe rase. La possibilité de transformer des peuplements « pauvres » par coupe rase puis plantation (volet 3, opération 1) doit être interdite.</p>



<p>Une opération dédiée pour <strong>accompagner des propriétaires souhaitant s’engager dans la sylviculture douce</strong>, respectueuse de l&#8217;ambiance forestière et de la biodiversité doit être créée.</p>



<p><strong>Le maintien des éléments d’intérêt écologique doit être une condition obligatoire</strong> pour chaque projet financé, et non facultative comme c’est le cas actuellement.</p>



<p><strong>Les critères de diversification doivent être </strong>renforcés: ils doivent s’appliquer systématiquement et viser une complémentarité des essences (mélange feuillus / résineux, par exemple). Les mélanges purs de résineux doivent être interdits.</p>

<p>Comme bien souvent, le gouvernement profite des périodes estivales pour passer en douce ses décrets les plus controversés. Ceux concernant la forêt et la sylviculture ne font pas exception. C&#8217;est&#8230;</p>
