{"id":4187,"date":"2022-12-24T12:08:02","date_gmt":"2022-12-24T11:08:02","guid":{"rendered":"https:\/\/adretmorvan.org\/?page_id=4187"},"modified":"2022-12-24T12:24:29","modified_gmt":"2022-12-24T11:24:29","slug":"participez-aux-cotes-des-membres-du-ca","status":"publish","type":"page","link":"https:\/\/adretmorvan.org\/index.php\/participez-aux-cotes-des-membres-du-ca\/","title":{"rendered":"Participez aux cot\u00e9s des membres du CA"},"content":{"rendered":"\n<p>Plusieurs groupes th\u00e9matiques existent pour Adret Morvan et pour Sycomor, l&#8217;association qui g\u00e8re le Carrou\u00e8ge.<\/p>\n\n\n\n<h4 class=\"wp-block-heading\">Vous pouvez contribuer aux groupes suivants pour Adret Morvan :<\/h4>\n\n\n\n<p><strong>For\u00eat<\/strong><\/p>\n\n\n\n<p><strong>Circuits courts bois<\/strong><br>Un groupe qui travail sur la mise en place de circuits courts bois issue des &#8220;for\u00eats vivantes&#8221; (charte du RAF &#8211; notamment sans coupes rases) pour le bois d&#8217;\u0153uvre comme pour le bois de chauffage.<\/p>\n\n\n\n<p><strong>\u00c9nergie<\/strong><br>Un groupe qui pilote la lutte contre l&#8217;implantation de panneaux solaires sur les terres agricoles ou les for\u00eats, mais aussi qui r\u00e9fl\u00e9chit \u00e0 la transition \u00e9nerg\u00e9tique appliqu\u00e9e \u00e0 notre territoire ainsi que l&#8217;\u00e9tudes les mesures \u00e0 prendre au Carrou\u00e8ge en terme de r\u00e9duction des consommations et de production d&#8217;\u00e9lectricit\u00e9.<br>Les comp\u00e9tences et participations dans ce domaine sont les bienvenues&#8230;<\/p>\n\n\n\n<p><strong>Communication<\/strong><br>Vous pouvez nous aider notamment sur les r\u00e9seaux sociaux, le site internet, la diffusion de documents chez les commer\u00e7ant sou dans le boites de votre village etc.<\/p>\n\n\n\n<p><strong>Action repr\u00e9sentation<\/strong><br>Nous avons besoins de vous pour les manifestations \/ actions que nous engageons mais aussi pour nous aider \u00e0 tenir des stands dans diff\u00e9rentes occasions&#8230;<\/p>\n\n\n\n<h4 class=\"wp-block-heading\">Vous pouvez contribuer aux groupes suivants pour le Carrou\u00e8ge :<\/h4>\n\n\n\n<p><strong>Cuisine<\/strong> <br>Participation r\u00e9guli\u00e8re ou occasionnelle pour un plat th\u00e9matique avec l&#8217;aide des habitu\u00e9s bien s\u00fbr.<\/p>\n\n\n\n<p><strong>Boutique<\/strong><br>Aide \u00e0 la vente avec participation r\u00e9guli\u00e8re ou occasionnelle<\/p>\n\n\n\n<p><strong>Entretien<\/strong><br>Coup de main pour le travaux petits ou gros, l&#8217;entretien du site etc.<\/p>\n","protected":false},"excerpt":{"rendered":"<p>Plusieurs groupes th\u00e9matiques existent pour Adret Morvan et pour Sycomor, l&#8217;association qui g\u00e8re le Carrou\u00e8ge. Vous pouvez contribuer aux groupes suivants pour Adret Morvan : For\u00eat Circuits courts boisUn groupe&#8230;<\/p>\n","protected":false},"author":2,"featured_media":1917,"parent":0,"menu_order":0,"comment_status":"closed","ping_status":"closed","template":"","meta":{"footnotes":""},"class_list":["post-4187","page","type-page","status-publish","has-post-thumbnail","hentry"],"_links":{"self":[{"href":"https:\/\/adretmorvan.org\/index.php\/wp-json\/wp\/v2\/pages\/4187","targetHints":{"allow":["GET"]}}],"collection":[{"href":"https:\/\/adretmorvan.org\/index.php\/wp-json\/wp\/v2\/pages"}],"about":[{"href":"https:\/\/adretmorvan.org\/index.php\/wp-json\/wp\/v2\/types\/page"}],"author":[{"embeddable":true,"href":"https:\/\/adretmorvan.org\/index.php\/wp-json\/wp\/v2\/users\/2"}],"replies":[{"embeddable":true,"href":"https:\/\/adretmorvan.org\/index.php\/wp-json\/wp\/v2\/comments?post=4187"}],"version-history":[{"count":0,"href":"https:\/\/adretmorvan.org\/index.php\/wp-json\/wp\/v2\/pages\/4187\/revisions"}],"wp:featuredmedia":[{"embeddable":true,"href":"https:\/\/adretmorvan.org\/index.php\/wp-json\/wp\/v2\/media\/1917"}],"wp:attachment":[{"href":"https:\/\/adretmorvan.org\/index.php\/wp-json\/wp\/v2\/media?parent=4187"}],"curies":[{"name":"wp","href":"https:\/\/api.w.org\/{rel}","templated":true}]}}