{"id":4053,"date":"2022-11-22T13:48:20","date_gmt":"2022-11-22T12:48:20","guid":{"rendered":"https:\/\/adretmorvan.org\/?page_id=4053"},"modified":"2022-11-22T13:58:51","modified_gmt":"2022-11-22T12:58:51","slug":"je-consulte-les-fiches-juridiques","status":"publish","type":"page","link":"https:\/\/adretmorvan.org\/index.php\/je-consulte-les-fiches-juridiques\/","title":{"rendered":"Je consulte les fiches juridiques"},"content":{"rendered":"\n<h2 class=\"wp-block-heading\">sur la for\u00eat et les haies<\/h2>\n\n\n\n<p><a href=\"https:\/\/adretmorvan.org\/index.php\/cadre-general\/\"><strong><em>Fiche n<sup>o<\/sup> 1 : Le cadre g\u00e9n\u00e9ral du droit forestier<\/em><\/strong><\/a><\/p>\n\n\n\n<p><a href=\"https:\/\/adretmorvan.org\/index.php\/gestion-forestiere-en-zone-protegee\/\"><strong><em>Fiche n<sup>o<\/sup> 2 : La gestion foresti\u00e8re en zone prot\u00e9g\u00e9e<\/em><\/strong><\/a><\/p>\n\n\n\n<p><a href=\"https:\/\/adretmorvan.org\/index.php\/les-pouvoirs-du-maire\/\"><strong><em>Fiche n<sup>o<\/sup> 3 : Les pouvoirs du maire<\/em><\/strong><\/a><\/p>\n\n\n\n<p><a href=\"https:\/\/adretmorvan.org\/index.php\/subventions-sylvicoles\/\"><strong><em>Fiche n<sup>o<\/sup> 4 : Les subventions sylvicoles<\/em><\/strong><\/a><\/p>\n\n\n\n<p><a href=\"https:\/\/adretmorvan.org\/index.php\/regime-juridiques-des-chemins-ruraux\/\"><strong><em>Fiche n<sup>o<\/sup> 5 : Le r\u00e9gime juridique des chemins ruraux<\/em><\/strong><\/a><\/p>\n\n\n\n<p><a href=\"https:\/\/adretmorvan.org\/index.php\/regime-juridique-des-coupes-rases\/\"><strong><em>Fiche n<sup>o<\/sup> 6 : Le r\u00e9gime juridique des coupes rases<\/em><\/strong><\/a><\/p>\n\n\n\n<p><a href=\"https:\/\/adretmorvan.org\/index.php\/coupe-de-haies\/\"><strong><em>Fiche n<sup>o<\/sup> 7 : Le r\u00e9gime juridique des haies<\/em><\/strong><\/a><\/p>\n","protected":false},"excerpt":{"rendered":"<p>sur la for\u00eat et les haies Fiche no 1 : Le cadre g\u00e9n\u00e9ral du droit forestier Fiche no 2 : La gestion foresti\u00e8re en zone prot\u00e9g\u00e9e Fiche no 3 :&#8230;<\/p>\n","protected":false},"author":2,"featured_media":0,"parent":0,"menu_order":0,"comment_status":"closed","ping_status":"closed","template":"","meta":{"footnotes":""},"class_list":["post-4053","page","type-page","status-publish","hentry"],"_links":{"self":[{"href":"https:\/\/adretmorvan.org\/index.php\/wp-json\/wp\/v2\/pages\/4053","targetHints":{"allow":["GET"]}}],"collection":[{"href":"https:\/\/adretmorvan.org\/index.php\/wp-json\/wp\/v2\/pages"}],"about":[{"href":"https:\/\/adretmorvan.org\/index.php\/wp-json\/wp\/v2\/types\/page"}],"author":[{"embeddable":true,"href":"https:\/\/adretmorvan.org\/index.php\/wp-json\/wp\/v2\/users\/2"}],"replies":[{"embeddable":true,"href":"https:\/\/adretmorvan.org\/index.php\/wp-json\/wp\/v2\/comments?post=4053"}],"version-history":[{"count":0,"href":"https:\/\/adretmorvan.org\/index.php\/wp-json\/wp\/v2\/pages\/4053\/revisions"}],"wp:attachment":[{"href":"https:\/\/adretmorvan.org\/index.php\/wp-json\/wp\/v2\/media?parent=4053"}],"curies":[{"name":"wp","href":"https:\/\/api.w.org\/{rel}","templated":true}]}}

<h2 class="wp-block-heading">sur la forêt et les haies</h2>



<p><a href="https://adretmorvan.org/index.php/cadre-general/"><strong><em>Fiche n<sup>o</sup> 1 : Le cadre général du droit forestier</em></strong></a></p>



<p><a href="https://adretmorvan.org/index.php/gestion-forestiere-en-zone-protegee/"><strong><em>Fiche n<sup>o</sup> 2 : La gestion forestière en zone protégée</em></strong></a></p>



<p><a href="https://adretmorvan.org/index.php/les-pouvoirs-du-maire/"><strong><em>Fiche n<sup>o</sup> 3 : Les pouvoirs du maire</em></strong></a></p>



<p><a href="https://adretmorvan.org/index.php/subventions-sylvicoles/"><strong><em>Fiche n<sup>o</sup> 4 : Les subventions sylvicoles</em></strong></a></p>



<p><a href="https://adretmorvan.org/index.php/regime-juridiques-des-chemins-ruraux/"><strong><em>Fiche n<sup>o</sup> 5 : Le régime juridique des chemins ruraux</em></strong></a></p>



<p><a href="https://adretmorvan.org/index.php/regime-juridique-des-coupes-rases/"><strong><em>Fiche n<sup>o</sup> 6 : Le régime juridique des coupes rases</em></strong></a></p>



<p><a href="https://adretmorvan.org/index.php/coupe-de-haies/"><strong><em>Fiche n<sup>o</sup> 7 : Le régime juridique des haies</em></strong></a></p>

<p>sur la forêt et les haies Fiche no 1 : Le cadre général du droit forestier Fiche no 2 : La gestion forestière en zone protégée Fiche no 3 :&#8230;</p>
