{"id":4016,"date":"2022-11-21T17:13:39","date_gmt":"2022-11-21T16:13:39","guid":{"rendered":"https:\/\/adretmorvan.org\/?page_id=4016"},"modified":"2022-12-07T00:33:20","modified_gmt":"2022-12-06T23:33:20","slug":"test-formulaire","status":"publish","type":"page","link":"https:\/\/adretmorvan.org\/index.php\/test-formulaire\/","title":{"rendered":"J&#8217;aide \u00e0 financer nos recours juridiques"},"content":{"rendered":"\n<h2 class=\"wp-block-heading\">contre les panneaux solaires sur les terres agricoles et contre les coupes rases.<\/h2>\n\n\n\n<p>2 dossiers pr\u00e9occupants n\u00e9cessitent des recours juridiques. Des coupes rases abusives dans un p\u00e9rim\u00e8tre sous protection et l&#8217;implantation de panneaux solaires sur des terres agricoles. Nous avons r\u00e9ussit \u00e0 faire financer une partie par ARTEMISIA AISBL*, mais il nous faut provisionner des sommes compl\u00e9mentaires pour les conseils d\u00e9j\u00e0 engag\u00e9s et les actions \u00e0 venir contre certaines coupes rases potentiellement ill\u00e9gales.<\/p>\n\n\n\n<iframe id=\"haWidget\" allowtransparency=\"true\" scrolling=\"auto\" src=\"https:\/\/www.helloasso.com\/associations\/adret-morvan\/formulaires\/2\/widget\" style=\"width:100%;height:750px;border:none;\" onload=\"window.scroll(0, this.offsetTop)\"><\/iframe>\n\n\n\n<p>Nous avons aussi b\u00e9n\u00e9fici\u00e9 d&#8217;un financement d&#8217;ARTEMISIA AISBL* pour la r\u00e9daction de fiches juridiques pour vous (nous) aidez \u00e0 r\u00e9gir \u00e0 une coupe rase, un chemin d\u00e9truit etc.<\/p>\n\n\n\n<p><em>*ARTEMISIA AISBL est une association&nbsp;d\u00e9di\u00e9e \u00e0 l&#8217;accompagnement juridique des acteurs de la soci\u00e9t\u00e9 civile engag\u00e9s dans la protection de l&#8217;environnement et la sauvegarde des droits de la personne humaine.<\/em><\/p>\n","protected":false},"excerpt":{"rendered":"<p>contre les panneaux solaires sur les terres agricoles et contre les coupes rases. 2 dossiers pr\u00e9occupants n\u00e9cessitent des recours juridiques. Des coupes rases abusives dans un p\u00e9rim\u00e8tre sous protection et&#8230;<\/p>\n","protected":false},"author":2,"featured_media":0,"parent":0,"menu_order":0,"comment_status":"closed","ping_status":"closed","template":"","meta":{"footnotes":""},"class_list":["post-4016","page","type-page","status-publish","hentry"],"_links":{"self":[{"href":"https:\/\/adretmorvan.org\/index.php\/wp-json\/wp\/v2\/pages\/4016","targetHints":{"allow":["GET"]}}],"collection":[{"href":"https:\/\/adretmorvan.org\/index.php\/wp-json\/wp\/v2\/pages"}],"about":[{"href":"https:\/\/adretmorvan.org\/index.php\/wp-json\/wp\/v2\/types\/page"}],"author":[{"embeddable":true,"href":"https:\/\/adretmorvan.org\/index.php\/wp-json\/wp\/v2\/users\/2"}],"replies":[{"embeddable":true,"href":"https:\/\/adretmorvan.org\/index.php\/wp-json\/wp\/v2\/comments?post=4016"}],"version-history":[{"count":0,"href":"https:\/\/adretmorvan.org\/index.php\/wp-json\/wp\/v2\/pages\/4016\/revisions"}],"wp:attachment":[{"href":"https:\/\/adretmorvan.org\/index.php\/wp-json\/wp\/v2\/media?parent=4016"}],"curies":[{"name":"wp","href":"https:\/\/api.w.org\/{rel}","templated":true}]}}