{"id":39,"date":"2015-04-02T18:02:44","date_gmt":"2015-04-02T17:02:44","guid":{"rendered":"http:\/\/adretmorvan.org\/?page_id=39"},"modified":"2024-12-17T21:39:44","modified_gmt":"2024-12-17T20:39:44","slug":"les-membres-du-ca","status":"publish","type":"page","link":"https:\/\/adretmorvan.org\/index.php\/les-membres-du-ca\/","title":{"rendered":"Qui sommes nous ?"},"content":{"rendered":"\n<h2 class=\"wp-block-heading has-text-color has-link-color wp-elements-79049e0e1fb1797fd070fb480b2fab20\" style=\"color:#146a03\"><strong>Composition du bureau et du CA :<\/strong><\/h2>\n\n\n\n<p><strong>Bureau <\/strong>: Marie-Agn\u00e8s Brun (pr\u00e9sidente), Christiane Lachot (tr\u00e9sori\u00e8re), Anne Daveau (secr\u00e9taire).<\/p>\n\n\n\n<p><strong>Conseil d&#8217;administration<\/strong> : R\u00e9gis Lindeperg, Anne Faisandier, J\u00e9r\u00f4me Bognard, Marie-Anne Guillemain, Thierry Vascher, Marc Tulane, David Bornstein.<\/p>\n\n\n\n<figure class=\"wp-block-image size-full\"><img fetchpriority=\"high\" decoding=\"async\" width=\"800\" height=\"450\" src=\"https:\/\/adretmorvan.org\/wp-content\/uploads\/2024\/03\/arbres.jpg\" alt=\"\" class=\"wp-image-5123\" srcset=\"https:\/\/adretmorvan.org\/wp-content\/uploads\/2024\/03\/arbres.jpg 800w, https:\/\/adretmorvan.org\/wp-content\/uploads\/2024\/03\/arbres-300x169.jpg 300w, https:\/\/adretmorvan.org\/wp-content\/uploads\/2024\/03\/arbres-768x432.jpg 768w\" sizes=\"(max-width: 800px) 100vw, 800px\" \/><\/figure>\n\n\n\n<h2 class=\"wp-block-heading has-text-color has-link-color wp-elements-2dcae089ff3bbf92dbd002d78f093bfc\" style=\"color:#146a03\"><strong>Qui fait quoi :<\/strong><\/h2>\n\n\n\n<h2 class=\"wp-block-heading\">For\u00eat <\/h2>\n\n\n\n<p><strong>Animation : Marie-Anne Guillemain et R\u00e9gis Lindeperg<\/strong><br>Marie-Agn\u00e8s Brun<\/p>\n\n\n\n<h2 class=\"wp-block-heading\">Circuits courts bois<\/h2>\n\n\n\n<p><strong>Animation : Thierry Vascher et R\u00e9gis Lindeperg<\/strong><br>Marie-Anne Guillemain<\/p>\n\n\n\n<h2 class=\"wp-block-heading\">\u00c9nergie et transition \u00e9nerg\u00e9tique<\/h2>\n\n\n\n<p><strong>Animation : David Bornstein et Christiane Lachot<\/strong><br>J\u00e9rome Bognard, R\u00e9gis Lindeperg<\/p>\n\n\n\n<h2 class=\"wp-block-heading\">Carrou\u00e8ge<\/h2>\n\n\n\n<p><strong>Animation : Anne Daveau et Delphine Billaud<\/strong><br>Marie-Agn\u00e8s Brun, Anne Faisandier<\/p>\n\n\n\n<h2 class=\"wp-block-heading\">Relations avec les asso, manifestations, actions<\/h2>\n\n\n\n<p><strong>Animation : Delphine Billaud <\/strong><br>J\u00e9rome Bognard, R\u00e9gis Lindeperg, Roger Prost<\/p>\n\n\n\n<h2 class=\"wp-block-heading\">Communication<\/h2>\n\n\n\n<p><strong>Animation : R\u00e9gis Lindeperg, Marie-Anne Guillemain, <\/strong><br>Delphine Billaud, Marie-Agn\u00e8s Brun, Anne Daveau<\/p>\n\n\n\n<div style=\"height:20px\" aria-hidden=\"true\" class=\"wp-block-spacer\"><\/div>\n\n\n\n<div style=\"height:20px\" aria-hidden=\"true\" class=\"wp-block-spacer\"><\/div>\n","protected":false},"excerpt":{"rendered":"<p>Composition du bureau et du CA : Bureau : Marie-Agn\u00e8s Brun (pr\u00e9sidente), Christiane Lachot (tr\u00e9sori\u00e8re), Anne Daveau (secr\u00e9taire). Conseil d&#8217;administration : R\u00e9gis Lindeperg, Anne Faisandier, J\u00e9r\u00f4me Bognard, Marie-Anne Guillemain, Thierry&#8230;<\/p>\n","protected":false},"author":1,"featured_media":0,"parent":0,"menu_order":0,"comment_status":"closed","ping_status":"open","template":"","meta":{"footnotes":""},"class_list":["post-39","page","type-page","status-publish","hentry"],"_links":{"self":[{"href":"https:\/\/adretmorvan.org\/index.php\/wp-json\/wp\/v2\/pages\/39","targetHints":{"allow":["GET"]}}],"collection":[{"href":"https:\/\/adretmorvan.org\/index.php\/wp-json\/wp\/v2\/pages"}],"about":[{"href":"https:\/\/adretmorvan.org\/index.php\/wp-json\/wp\/v2\/types\/page"}],"author":[{"embeddable":true,"href":"https:\/\/adretmorvan.org\/index.php\/wp-json\/wp\/v2\/users\/1"}],"replies":[{"embeddable":true,"href":"https:\/\/adretmorvan.org\/index.php\/wp-json\/wp\/v2\/comments?post=39"}],"version-history":[{"count":4,"href":"https:\/\/adretmorvan.org\/index.php\/wp-json\/wp\/v2\/pages\/39\/revisions"}],"predecessor-version":[{"id":5656,"href":"https:\/\/adretmorvan.org\/index.php\/wp-json\/wp\/v2\/pages\/39\/revisions\/5656"}],"wp:attachment":[{"href":"https:\/\/adretmorvan.org\/index.php\/wp-json\/wp\/v2\/media?parent=39"}],"curies":[{"name":"wp","href":"https:\/\/api.w.org\/{rel}","templated":true}]}}