{"id":319,"date":"2015-04-27T07:38:45","date_gmt":"2015-04-27T06:38:45","guid":{"rendered":"http:\/\/adretmorvan.org\/?page_id=319"},"modified":"2020-06-17T13:53:41","modified_gmt":"2020-06-17T11:53:41","slug":"nos-arguments-en-video","status":"publish","type":"page","link":"https:\/\/adretmorvan.org\/index.php\/nos-arguments-en-video\/","title":{"rendered":"Nos arguments en vid\u00e9o"},"content":{"rendered":"<p> Depuis le d\u00e9but de notre mobilisation, nous alarmons les citoyens et les \u00e9lus des incoh\u00e9rences du projet ERSCIA qui souhaite s&#8217;installer aux portes du Morvan. Pour nous, ERSCIA est une aberration \u00e9cologique et \u00e9conomique. Vous trouvez dans cette rubrique les diff\u00e9rentes vid\u00e9os explicatives et t\u00e9moignages que nous avons r\u00e9alis\u00e9es pour expliquer les raisons de notre mobilisation.<\/p>\n<h4>T\u00e9moignage avec Jean-Luc Robert, artisan du bois \u00e0 Quarr\u00e9-les-Tombes<\/h4>\n<div style=\"text-algn:center\"><span style=\"display:inline-block;text-align:center;\"><iframe allow=\"autoplay\" class=\"youtube_embed_iframe\"    allowFullScreen=\"true\" style=\"width:1000px; height:600px\" src=\"https:\/\/www.youtube.com\/embed\/A_uQ-cSPobQ?autoplay=0&theme=dark&loop=0&fs=1&showinfo=1&modestbranding=0&iv_load_policy=3&color=red&autohide=1&disablekb=0&enablejsapi=1&version=3\"><\/iframe><\/span><\/div>\n<h4>Comment l&#8217;entreprise Erscia peut-elle pr\u00e9tendre la production de 12 MW d&#8217;\u00e9lectricit\u00e9 ? Peut-on r\u00e9ellement parler d&#8217;\u00e9lectricit\u00e9 verte ?<\/h4>\n<div style=\"text-algn:center\"><span style=\"display:inline-block;text-align:center;\"><iframe allow=\"autoplay\" class=\"youtube_embed_iframe\"    allowFullScreen=\"true\" style=\"width:1000px; height:600px\" src=\"https:\/\/www.youtube.com\/embed\/kuQt8LNnqY4?autoplay=0&theme=dark&loop=0&fs=1&showinfo=1&modestbranding=0&iv_load_policy=3&color=red&autohide=1&disablekb=0&enablejsapi=1&version=3\"><\/iframe><\/span><\/div>\n<h4><strong><br \/>\n<\/strong>Comment Erscia peut-elle attendre un objectif de production de 250 000 tonnes de pellets ?<\/h4>\n<div style=\"text-algn:center\"><span style=\"display:inline-block;text-align:center;\"><iframe allow=\"autoplay\" class=\"youtube_embed_iframe\"    allowFullScreen=\"true\" style=\"width:1000px; height:600px\" src=\"https:\/\/www.youtube.com\/embed\/GuHJjFa-9us?autoplay=0&theme=dark&loop=0&fs=1&showinfo=1&modestbranding=0&iv_load_policy=3&color=red&autohide=1&disablekb=0&enablejsapi=1&version=3\"><\/iframe><\/span><\/div>\n<h4><strong><br \/>\n<\/strong>Erscia \u2013 un bilan carbone desastreux<\/h4>\n<div style=\"text-algn:center\"><span style=\"display:inline-block;text-align:center;\"><iframe allow=\"autoplay\" class=\"youtube_embed_iframe\"    allowFullScreen=\"true\" style=\"width:1000px; height:600px\" src=\"https:\/\/www.youtube.com\/embed\/XphwH0n0qZ4?autoplay=0&theme=dark&loop=0&fs=1&showinfo=1&modestbranding=0&iv_load_policy=3&color=red&autohide=1&disablekb=0&enablejsapi=1&version=3\"><\/iframe><\/span><\/div>\n<h4>Erscia : Quelles cons\u00e9quences pour l&#8217;eau ?<\/h4>\n<div style=\"text-algn:center\"><span style=\"display:inline-block;text-align:center;\"><iframe allow=\"autoplay\" class=\"youtube_embed_iframe\"    allowFullScreen=\"true\" style=\"width:1000px; height:600px\" src=\"https:\/\/www.youtube.com\/embed\/WvY6n-xnH3g?autoplay=0&theme=dark&loop=0&fs=1&showinfo=1&modestbranding=0&iv_load_policy=3&color=red&autohide=1&disablekb=0&enablejsapi=1&version=3\"><\/iframe><\/span><\/div>\n<h4>Rencontre avec un sp\u00e9cialiste : Quelle est la situation g\u00e9ologique du site du bois du Troncay ?<\/h4>\n<div style=\"text-algn:center\"><span style=\"display:inline-block;text-align:center;\"><iframe allow=\"autoplay\" class=\"youtube_embed_iframe\"    allowFullScreen=\"true\" style=\"width:1000px; height:600px\" src=\"https:\/\/www.youtube.com\/embed\/IZvLRsDyv3U?autoplay=0&theme=dark&loop=0&fs=1&showinfo=1&modestbranding=0&iv_load_policy=3&color=red&autohide=1&disablekb=0&enablejsapi=1&version=3\"><\/iframe><\/span><\/div>\n<h4>D\u00e9mocratie et subventions<\/h4>\n<div style=\"text-algn:center\"><span style=\"display:inline-block;text-align:center;\"><iframe allow=\"autoplay\" class=\"youtube_embed_iframe\"    allowFullScreen=\"true\" style=\"width:1000px; height:600px\" src=\"https:\/\/www.youtube.com\/embed\/20DXI3xZao4?autoplay=0&theme=dark&loop=0&fs=1&showinfo=1&modestbranding=0&iv_load_policy=3&color=red&autohide=1&disablekb=0&enablejsapi=1&version=3\"><\/iframe><\/span><\/div>\n<h4>Destruction de la foret du massif du Morvan programm\u00e9e ?<\/h4>\n<div style=\"text-algn:center\"><span style=\"display:inline-block;text-align:center;\"><iframe allow=\"autoplay\" class=\"youtube_embed_iframe\"    allowFullScreen=\"true\" style=\"width:1000px; height:600px\" src=\"https:\/\/www.youtube.com\/embed\/2aGJMqUCgPQ?autoplay=0&theme=dark&loop=0&fs=1&showinfo=1&modestbranding=0&iv_load_policy=3&color=red&autohide=1&disablekb=0&enablejsapi=1&version=3\"><\/iframe><\/span><\/div>\n<h4>Pourquoi une ZAD ?<\/h4>\n<div style=\"text-algn:center\"><span style=\"display:inline-block;text-align:center;\"><iframe allow=\"autoplay\" class=\"youtube_embed_iframe\"    allowFullScreen=\"true\" style=\"width:1000px; height:600px\" src=\"https:\/\/www.youtube.com\/embed\/kR4amRzO0xk?autoplay=0&theme=dark&loop=0&fs=1&showinfo=1&modestbranding=0&iv_load_policy=3&color=red&autohide=1&disablekb=0&enablejsapi=1&version=3\"><\/iframe><\/span><\/div>\n<h4>Notre voyage en Belgique<\/h4>\n<div style=\"text-algn:center\"><span style=\"display:inline-block;text-align:center;\"><iframe allow=\"autoplay\" class=\"youtube_embed_iframe\"    allowFullScreen=\"true\" style=\"width:1000px; height:600px\" src=\"https:\/\/www.youtube.com\/embed\/kie7o6UqMqE?autoplay=0&theme=dark&loop=0&fs=1&showinfo=1&modestbranding=0&iv_load_policy=3&color=red&autohide=1&disablekb=0&enablejsapi=1&version=3\"><\/iframe><\/span><\/div>\n<div style=\"text-algn:center\"><span style=\"display:inline-block;text-align:center;\"><iframe allow=\"autoplay\" class=\"youtube_embed_iframe\"    allowFullScreen=\"true\" style=\"width:1000px; height:600px\" src=\"https:\/\/www.youtube.com\/embed\/aYynt3teYsU?autoplay=0&theme=dark&loop=0&fs=1&showinfo=1&modestbranding=0&iv_load_policy=3&color=red&autohide=1&disablekb=0&enablejsapi=1&version=3\"><\/iframe><\/span><\/div>\n<div style=\"text-algn:center\"><span style=\"display:inline-block;text-align:center;\"><iframe allow=\"autoplay\" class=\"youtube_embed_iframe\"    allowFullScreen=\"true\" style=\"width:1000px; height:600px\" src=\"https:\/\/www.youtube.com\/embed\/ulFwjEeZUy4?autoplay=0&theme=dark&loop=0&fs=1&showinfo=1&modestbranding=0&iv_load_policy=3&color=red&autohide=1&disablekb=0&enablejsapi=1&version=3\"><\/iframe><\/span><\/div>\n","protected":false},"excerpt":{"rendered":"<p>Depuis le d\u00e9but de notre mobilisation, nous alarmons les citoyens et les \u00e9lus des incoh\u00e9rences du projet ERSCIA qui souhaite s&#8217;installer aux portes du Morvan. Pour nous, ERSCIA est une&#8230;<\/p>\n","protected":false},"author":1,"featured_media":0,"parent":0,"menu_order":0,"comment_status":"closed","ping_status":"open","template":"","meta":{"footnotes":""},"class_list":["post-319","page","type-page","status-publish","hentry"],"_links":{"self":[{"href":"https:\/\/adretmorvan.org\/index.php\/wp-json\/wp\/v2\/pages\/319","targetHints":{"allow":["GET"]}}],"collection":[{"href":"https:\/\/adretmorvan.org\/index.php\/wp-json\/wp\/v2\/pages"}],"about":[{"href":"https:\/\/adretmorvan.org\/index.php\/wp-json\/wp\/v2\/types\/page"}],"author":[{"embeddable":true,"href":"https:\/\/adretmorvan.org\/index.php\/wp-json\/wp\/v2\/users\/1"}],"replies":[{"embeddable":true,"href":"https:\/\/adretmorvan.org\/index.php\/wp-json\/wp\/v2\/comments?post=319"}],"version-history":[{"count":0,"href":"https:\/\/adretmorvan.org\/index.php\/wp-json\/wp\/v2\/pages\/319\/revisions"}],"wp:attachment":[{"href":"https:\/\/adretmorvan.org\/index.php\/wp-json\/wp\/v2\/media?parent=319"}],"curies":[{"name":"wp","href":"https:\/\/api.w.org\/{rel}","templated":true}]}}