{"id":2285,"date":"2020-09-01T19:57:05","date_gmt":"2020-09-01T17:57:05","guid":{"rendered":"http:\/\/adretmorvan.org\/?page_id=2285"},"modified":"2020-09-03T00:33:10","modified_gmt":"2020-09-02T22:33:10","slug":"les-fermes-solaires","status":"publish","type":"page","link":"https:\/\/adretmorvan.org\/index.php\/les-fermes-solaires\/","title":{"rendered":"Les projets \u00e9nergie"},"content":{"rendered":"\n<h2 class=\"wp-block-heading\">Pour une politique \u00e9nerg\u00e9tique citoyenne, partag\u00e9e, construite et ma\u00eetris\u00e9e par les habitants.<\/h2>\n\n\n\n<p><strong>En cette fin d\u2019\u00e9t\u00e9 2020, les projets fusent de toutes parts ces derni\u00e8res semaines. 75 hectares de panneaux solaires dans les pr\u00e9s \u00e0 Germenay \/Dirol\/ Marigny, entre 10 et 30 hectares de panneaux flottants sur le lac de Panneci\u00e8re, un projet de ferme solaire \u00e0 Brassy (surface inconnue), sans parler de l\u2019\u00e9olien sur tout le pourtour du Morvan.<\/strong><\/p>\n\n\n\n<p>Alors que d\u2019autres territoires pensent coll\u00e9gialement leur avenir \u00e9nerg\u00e9tique, le notre laisse faire les investisseurs priv\u00e9s ou public dans le d\u00e9sordre le plus total, le plus souvent sans consultations des habitants alors que ces projets ont un impact certain sur notre vie future. Le projet de Germenay (\u00e0 l\u2019\u00e9tude depuis 2 ans) n\u2019a fait l\u2019objet d\u2019aucune r\u00e9union d\u2019information de la part du porteur de projet ou des \u00e9lus. Le projet de Panneci\u00e8re pr\u00e9voit une consultation des \u00ab&nbsp;associations locales&nbsp;\u00bb (rien pour l\u2019ensemble de la population) mais comme le projet doit \u00eatre valid\u00e9 avant la fin de l\u2019ann\u00e9e, il va falloir se d\u00e9p\u00eacher !<\/p>\n\n\n\n<p>Le sujet n\u2019est pas de savoir si on est pour ou contre le solaire, l \u2018\u00e9olien, la biomasse, mais bien de savoir comment on peut produire l\u2019\u00e9nergie que l\u2019on consomme sur le territoire et avant tout comment on ne la consomme pas ! Savoir ce que le territoire peut produire, pour quelle organisation soci\u00e9tale et quel objectif de consommation ? Pour quelles contraintes ? Pour quel impact sur l\u2019environnement et la biodiversit\u00e9 ? Pour quel impact sur les autres activit\u00e9s \u00e9conomiques ? Pour quelle implication des citoyens dans les projets ?<\/p>\n\n\n\n<p>La transition \u00e9nerg\u00e9tique n\u2019a pas de sens sans d\u00e9finition des grandes lignes d\u2019un projet de territoire coh\u00e9rent. Les nuisances incontournables g\u00e9n\u00e9r\u00e9es ne peuvent s\u2019imposer sans d\u00e9bat avec les habitants, mais surtout une transition r\u00e9ussie ne se fera pas sans une implication des populations et un minimum de partage du projet par les habitants. Et c\u2019est possible ! D\u2019autres le font \u00e0 l\u2019image de projets citoyens dans l\u2019Est de la France, en Bretagne, dans le Nord, dans les Pyr\u00e9n\u00e9es\u2026<\/p>\n\n\n\n<h4 class=\"wp-block-heading\"><strong>Nous avons pu nous procurer le dossier de Germenay et de Panneci\u00e8re qui sont sur notre site. Nous vous invitons \u00e0 les consulter&nbsp;:<\/strong><\/h4>\n\n\n\n<p><a href=\"http:\/\/adretmorvan.org\/index.php\/un-projet-de-parc-solaire-geant-a-germenay-dirol-et-marigny\/\"><strong><em>Dossier Germenay<\/em><\/strong><\/a><\/p>\n\n\n\n<p><a href=\"http:\/\/adretmorvan.org\/index.php\/un-projet-de-parc-solaire-flottant-sur-le-lac-de-panneciere\/\"><strong><em>Dossier Panneci\u00e8re<\/em><\/strong><\/a><\/p>\n\n\n\n<p>D\u2019autres infos suivront dans les semaines \u00e0 venir.<\/p>\n\n\n\n<p><strong><a href=\"http:\/\/adretmorvan.org\/index.php\/liens-articles-enr\/\"><em>Lien vers d&#8217;autres sources d&#8217;information sur le sujet<\/em><\/a><\/strong><\/p>\n","protected":false},"excerpt":{"rendered":"<p>Pour une politique \u00e9nerg\u00e9tique citoyenne, partag\u00e9e, construite et ma\u00eetris\u00e9e par les habitants. En cette fin d\u2019\u00e9t\u00e9 2020, les projets fusent de toutes parts ces derni\u00e8res semaines. 75 hectares de panneaux&#8230;<\/p>\n","protected":false},"author":2,"featured_media":2309,"parent":0,"menu_order":0,"comment_status":"closed","ping_status":"closed","template":"","meta":{"footnotes":""},"class_list":["post-2285","page","type-page","status-publish","has-post-thumbnail","hentry"],"_links":{"self":[{"href":"https:\/\/adretmorvan.org\/index.php\/wp-json\/wp\/v2\/pages\/2285","targetHints":{"allow":["GET"]}}],"collection":[{"href":"https:\/\/adretmorvan.org\/index.php\/wp-json\/wp\/v2\/pages"}],"about":[{"href":"https:\/\/adretmorvan.org\/index.php\/wp-json\/wp\/v2\/types\/page"}],"author":[{"embeddable":true,"href":"https:\/\/adretmorvan.org\/index.php\/wp-json\/wp\/v2\/users\/2"}],"replies":[{"embeddable":true,"href":"https:\/\/adretmorvan.org\/index.php\/wp-json\/wp\/v2\/comments?post=2285"}],"version-history":[{"count":0,"href":"https:\/\/adretmorvan.org\/index.php\/wp-json\/wp\/v2\/pages\/2285\/revisions"}],"wp:featuredmedia":[{"embeddable":true,"href":"https:\/\/adretmorvan.org\/index.php\/wp-json\/wp\/v2\/media\/2309"}],"wp:attachment":[{"href":"https:\/\/adretmorvan.org\/index.php\/wp-json\/wp\/v2\/media?parent=2285"}],"curies":[{"name":"wp","href":"https:\/\/api.w.org\/{rel}","templated":true}]}}