{"id":178,"date":"2015-04-24T14:05:59","date_gmt":"2015-04-24T13:05:59","guid":{"rendered":"http:\/\/adretmorvan.org\/?page_id=178"},"modified":"2015-04-27T10:27:58","modified_gmt":"2015-04-27T09:27:58","slug":"rejoindre-groupes-projet-ecolieu","status":"publish","type":"page","link":"https:\/\/adretmorvan.org\/index.php\/rejoindre-groupes-projet-ecolieu\/","title":{"rendered":"Rejoindre groupes projet Ecolieu"},"content":{"rendered":"<br \/>\n<h4>Les diff\u00e9rents groupes :<\/h4>\n<p><strong>Groupe centre de ressources sur la for\u00eat<br \/>\n<\/strong>R\u00e9f\u00e9rents : R\u00e9gis et Isabelle<\/p>\n<p><strong>Groupe\u00a0programmation<br \/>\n<\/strong>R\u00e9f\u00e9rents : Nathalie, Maud et Jo\u00eblle<\/p>\n<p><strong>Groupe\u00a0march\u00e9\/boutique<br \/>\n<\/strong>R\u00e9f\u00e9rents :\u00a0Alicia, Anne et Wilfrid<\/p>\n<p><strong>Groupe\u00a0conserverie<br \/>\n<\/strong>R\u00e9f\u00e9rent :\u00a0Vincent<\/p>\n<p><strong>Groupe\u00a0bar\/restaurant<br \/>\n<\/strong>R\u00e9f\u00e9rent :\u00a0Christiane<\/p>\n<p><strong>Groupe\u00a0travaux<br \/>\n<\/strong>R\u00e9f\u00e9rents :\u00a0Pascal, Arnould<\/p>\n<p><strong>Groupe\u00a0de coordination<br \/>\n<\/strong>R\u00e9f\u00e9rents :\u00a0R\u00e9gis, Muriel et Vincent<\/p>\n<p><strong>Groupe\u00a0communication<br \/>\n<\/strong>R\u00e9f\u00e9rents : R\u00e9gis, Muriel et\u00a0Anne pour les g\u00e9n\u00e9ralit\u00e9s, Jean et JB pour la mise en place de la stat\u00e9gie et la mise en oeuvre du financement participatif sur internet, Christophe pour le site internet<\/p>\n<p>Pour contacter l\u2019\u00e9quipe :<br \/>\n<a href=\"mailto:ecolieu@adretmorvan.org\">ecolieu@adretmorvan.org<\/a><br \/>\nLe programme des travaux,\u00a0des activit\u00e9s et les appels \u00e0\u00a0comp\u00e9tences et mat\u00e9riaux sera\u00a0mise \u00e0 jour sur ce site.            <\/p>\n","protected":false},"excerpt":{"rendered":"<p>Les diff\u00e9rents groupes : Groupe centre de ressources sur la for\u00eat R\u00e9f\u00e9rents : R\u00e9gis et Isabelle Groupe\u00a0programmation R\u00e9f\u00e9rents : Nathalie, Maud et Jo\u00eblle Groupe\u00a0march\u00e9\/boutique R\u00e9f\u00e9rents :\u00a0Alicia, Anne et Wilfrid Groupe\u00a0conserverie&#8230;<\/p>\n","protected":false},"author":1,"featured_media":0,"parent":0,"menu_order":0,"comment_status":"closed","ping_status":"open","template":"","meta":{"footnotes":""},"class_list":["post-178","page","type-page","status-publish","hentry"],"_links":{"self":[{"href":"https:\/\/adretmorvan.org\/index.php\/wp-json\/wp\/v2\/pages\/178","targetHints":{"allow":["GET"]}}],"collection":[{"href":"https:\/\/adretmorvan.org\/index.php\/wp-json\/wp\/v2\/pages"}],"about":[{"href":"https:\/\/adretmorvan.org\/index.php\/wp-json\/wp\/v2\/types\/page"}],"author":[{"embeddable":true,"href":"https:\/\/adretmorvan.org\/index.php\/wp-json\/wp\/v2\/users\/1"}],"replies":[{"embeddable":true,"href":"https:\/\/adretmorvan.org\/index.php\/wp-json\/wp\/v2\/comments?post=178"}],"version-history":[{"count":0,"href":"https:\/\/adretmorvan.org\/index.php\/wp-json\/wp\/v2\/pages\/178\/revisions"}],"wp:attachment":[{"href":"https:\/\/adretmorvan.org\/index.php\/wp-json\/wp\/v2\/media?parent=178"}],"curies":[{"name":"wp","href":"https:\/\/api.w.org\/{rel}","templated":true}]}}